{"id":1265,"date":"2019-02-15T21:46:11","date_gmt":"2019-02-15T21:46:11","guid":{"rendered":"https:\/\/www.jaysorectificados.com\/web\/esp\/?page_id=1265"},"modified":"2019-02-15T21:46:11","modified_gmt":"2019-02-15T21:46:11","slug":"politica-de-calidad","status":"publish","type":"page","link":"https:\/\/www.jaysorectificados.com\/web\/esp\/politica-de-calidad\/","title":{"rendered":"Pol\u00edtica de Calidad"},"content":{"rendered":"<div class=\"wpb-content-wrapper\"><p>[vc_row][vc_column][vc_custom_heading text=\u00bb<strong>Pol\u00edtica de Calidad Jayso 2019 ISO 9001-2015<\/strong> \u00bb font_container=\u00bbtag:h3|text_align:left\u00bb use_theme_fonts=\u00bbyes\u00bb][vc_column_text]En Jayso apostamos por elevar nuestros niveles de calidad con el fin de aportar a nuestros clientes los mejores materiales disponibles para el desempe\u00f1o requerido en sus piezas.<\/p>\n<p>De esta forma nuestro proceso de fabricaci\u00f3n lleva aparejado un <strong>estricto control de los materiales<\/strong> provistos por los proveedores, aceros de la mayor calidad, de probada reputaci\u00f3n en el mercado forman parte de nuestra oferta para piezas especiales, <strong>tratamientos t\u00e9rmicos<\/strong> adecuados, <strong>recubrimientos<\/strong> de diferentes durezas, acabados comprobados y env\u00edos desde empresas de transporte, tanto nacionales como internacionales, en un tiempo record.<\/p>\n<p>Desde nuestra \u00e1rea t\u00e9cnica <strong>acompa\u00f1amos el dise\u00f1o<\/strong> provisto por nuestros clientes de forma que incorporamos nuestra experiencia de fabricaci\u00f3n aconsejando tanto en el acabado como en la funcionalidad de las piezas a fabricar.<\/p>\n<p>El proceso de control se aplica a cada paso de fabricaci\u00f3n, desde <strong>un dise\u00f1o eficiente<\/strong> como la elecci\u00f3n de los materiales, ajuste a las medidas comprobadas por nuestros aparatos de medici\u00f3n, y seguimiento \u201cin process \u201cde todo el ciclo de producci\u00f3n.<\/p>\n<p>Igualmente <strong>cooperamos con las mejores compa\u00f1\u00edas externas<\/strong> cuando se trata de externalizar procesos con el objetivo de aportar valor a\u00f1adido al producto y evitar fallos estructurales.<\/p>\n<p>Seguimos <strong>un riguroso proceso selectivo<\/strong> dada la exigencia de nuestros est\u00e1ndares de calidad, asignando <strong>a cada proveedor <\/strong>un determinado grado de fiabilidad a lo largo de su cooperaci\u00f3n con nosotros, descartando los que no cumplen con nuestros requisitos de inmediato.<\/p>\n<p>A dichos proveedores de servicio se les<strong> exigen las certificaciones necesarias <\/strong>que justifiquen las capacidades ofrecidas as\u00ed como los par\u00e1metros que se especifiquen, estando estos siempre a disposici\u00f3n del cliente en caso de que lo requieran presupuest\u00e1ndose desde un inicio los costos a\u00f1adidos de este servicio.<\/p>\n<p>Desde Jayso tenemos en cuenta los requisitos y expectativas de las partes interesadas, garantizando tanto la calidad demandada como el desempe\u00f1o funcional de nuestros productos propios e igualmente nos responsabilizamos de que esa misma calidad sea la que servimos a trav\u00e9s de los productos que distribuimos intentado obtener las mejores marcas reconocidas dentro de nuestro sector que a su vez aportan valor a la propuesta global de soluciones para el mundo del molde y matriz dentro de nuestra oferta.<\/p>\n<p>Nuestro objetivo de mejora es continuo y con este fin seguimos los desde la recepci\u00f3n de los pedidos hasta el env\u00edo animando a nuestros clientes a comunicarnos sus impresiones en busca de un proceso de mejora continua para nuestros archivos de aprendizaje y trabajo diario.<\/p>\n<p>En base a esta pol\u00edtica de compa\u00f1\u00eda marcamos los objetivos anuales tanto de calidad como de producci\u00f3n y hacemos un seguimiento de su cumplimiento, as\u00ed como de los requisitos legales y regulatorios que nos son de aplicaci\u00f3n.[\/vc_column_text][\/vc_column][\/vc_row]<\/p>\n<\/div>","protected":false},"excerpt":{"rendered":"<p>[vc_row][vc_column][vc_custom_heading text=\u00bbPol\u00edtica de Calidad Jayso 2019 ISO 9001-2015 \u00bb font_container=\u00bbtag:h3|text_align:left\u00bb use_theme_fonts=\u00bbyes\u00bb][vc_column_text]En Jayso apostamos por elevar nuestros niveles de calidad con el fin de aportar a nuestros clientes los mejores materiales disponibles para el desempe\u00f1o requerido en sus piezas. De esta forma nuestro proceso de fabricaci\u00f3n lleva aparejado un estricto control de los materiales provistos por [&hellip;]<\/p>\n","protected":false},"author":1,"featured_media":0,"parent":0,"menu_order":0,"comment_status":"closed","ping_status":"closed","template":"","meta":{"footnotes":""},"yoast_head":"<!-- This site is optimized with the Yoast SEO plugin v22.9 - https:\/\/yoast.com\/wordpress\/plugins\/seo\/ -->\r\n<title>Pol\u00edtica de Calidad - Jayso Solutions - Rectificados para Moldes y Matriz<\/title>\r\n<meta name=\"robots\" content=\"index, follow, max-snippet:-1, max-image-preview:large, max-video-preview:-1\" \/>\r\n<link rel=\"canonical\" href=\"https:\/\/www.jaysorectificados.com\/web\/esp\/politica-de-calidad\/\" \/>\r\n<meta property=\"og:locale\" content=\"es_ES\" \/>\r\n<meta property=\"og:type\" content=\"article\" \/>\r\n<meta property=\"og:title\" content=\"Pol\u00edtica de Calidad - Jayso Solutions - Rectificados para Moldes y Matriz\" \/>\r\n<meta property=\"og:description\" content=\"[vc_row][vc_column][vc_custom_heading text=\u00bbPol\u00edtica de Calidad Jayso 2019 ISO 9001-2015 \u00bb font_container=\u00bbtag:h3|text_align:left\u00bb use_theme_fonts=\u00bbyes\u00bb][vc_column_text]En Jayso apostamos por elevar nuestros niveles de calidad con el fin de aportar a nuestros clientes los mejores materiales disponibles para el desempe\u00f1o requerido en sus piezas. De esta forma nuestro proceso de fabricaci\u00f3n lleva aparejado un estricto control de los materiales provistos por [&hellip;]\" \/>\r\n<meta property=\"og:url\" content=\"https:\/\/www.jaysorectificados.com\/web\/esp\/politica-de-calidad\/\" \/>\r\n<meta property=\"og:site_name\" content=\"Jayso Solutions - Rectificados para Moldes y Matriz\" \/>\r\n<meta property=\"article:publisher\" content=\"https:\/\/www.facebook.com\/pages\/Rectificados-Jayso\/633805146768724\" \/>\r\n<meta name=\"twitter:card\" content=\"summary_large_image\" \/>\r\n<meta name=\"twitter:label1\" content=\"Tiempo de lectura\" \/>\n\t<meta name=\"twitter:data1\" content=\"3 minutos\" \/>\r\n<script type=\"application\/ld+json\" class=\"yoast-schema-graph\">{\"@context\":\"https:\/\/schema.org\",\"@graph\":[{\"@type\":\"WebPage\",\"@id\":\"https:\/\/www.jaysorectificados.com\/web\/esp\/politica-de-calidad\/\",\"url\":\"https:\/\/www.jaysorectificados.com\/web\/esp\/politica-de-calidad\/\",\"name\":\"Pol\u00edtica de Calidad - Jayso Solutions - Rectificados para Moldes y Matriz\",\"isPartOf\":{\"@id\":\"https:\/\/www.jaysorectificados.com\/web\/esp\/#website\"},\"datePublished\":\"2019-02-15T21:46:11+00:00\",\"dateModified\":\"2019-02-15T21:46:11+00:00\",\"breadcrumb\":{\"@id\":\"https:\/\/www.jaysorectificados.com\/web\/esp\/politica-de-calidad\/#breadcrumb\"},\"inLanguage\":\"es\",\"potentialAction\":[{\"@type\":\"ReadAction\",\"target\":[\"https:\/\/www.jaysorectificados.com\/web\/esp\/politica-de-calidad\/\"]}]},{\"@type\":\"BreadcrumbList\",\"@id\":\"https:\/\/www.jaysorectificados.com\/web\/esp\/politica-de-calidad\/#breadcrumb\",\"itemListElement\":[{\"@type\":\"ListItem\",\"position\":1,\"name\":\"Portada\",\"item\":\"https:\/\/www.jaysorectificados.com\/web\/esp\/\"},{\"@type\":\"ListItem\",\"position\":2,\"name\":\"Pol\u00edtica de Calidad\"}]},{\"@type\":\"WebSite\",\"@id\":\"https:\/\/www.jaysorectificados.com\/web\/esp\/#website\",\"url\":\"https:\/\/www.jaysorectificados.com\/web\/esp\/\",\"name\":\"Jayso Solutions - Rectificados para Moldes y Matriz\",\"description\":\"Jayso Solutions elementos normalizados para la industria del molde y la matriz\",\"publisher\":{\"@id\":\"https:\/\/www.jaysorectificados.com\/web\/esp\/#organization\"},\"potentialAction\":[{\"@type\":\"SearchAction\",\"target\":{\"@type\":\"EntryPoint\",\"urlTemplate\":\"https:\/\/www.jaysorectificados.com\/web\/esp\/?s={search_term_string}\"},\"query-input\":\"required name=search_term_string\"}],\"inLanguage\":\"es\"},{\"@type\":\"Organization\",\"@id\":\"https:\/\/www.jaysorectificados.com\/web\/esp\/#organization\",\"name\":\"JAYSO SOLUTIONS\",\"url\":\"https:\/\/www.jaysorectificados.com\/web\/esp\/\",\"logo\":{\"@type\":\"ImageObject\",\"inLanguage\":\"es\",\"@id\":\"https:\/\/www.jaysorectificados.com\/web\/esp\/#\/schema\/logo\/image\/\",\"url\":\"https:\/\/www.jaysorectificados.com\/web\/esp\/wp-content\/uploads\/2019\/09\/buscamo_comercial-e1569838948419.jpg\",\"contentUrl\":\"https:\/\/www.jaysorectificados.com\/web\/esp\/wp-content\/uploads\/2019\/09\/buscamo_comercial-e1569838948419.jpg\",\"width\":640,\"height\":279,\"caption\":\"JAYSO SOLUTIONS\"},\"image\":{\"@id\":\"https:\/\/www.jaysorectificados.com\/web\/esp\/#\/schema\/logo\/image\/\"},\"sameAs\":[\"https:\/\/www.facebook.com\/pages\/Rectificados-Jayso\/633805146768724\",\"https:\/\/www.linkedin.com\/in\/jayso-solutions-specials-parts-and-pieces-for-moulds-and-dies-90491b153\/\"]}]}<\/script>\r\n<!-- \/ Yoast SEO plugin. -->","yoast_head_json":{"title":"Pol\u00edtica de Calidad - Jayso Solutions - Rectificados para Moldes y Matriz","robots":{"index":"index","follow":"follow","max-snippet":"max-snippet:-1","max-image-preview":"max-image-preview:large","max-video-preview":"max-video-preview:-1"},"canonical":"https:\/\/www.jaysorectificados.com\/web\/esp\/politica-de-calidad\/","og_locale":"es_ES","og_type":"article","og_title":"Pol\u00edtica de Calidad - Jayso Solutions - Rectificados para Moldes y Matriz","og_description":"[vc_row][vc_column][vc_custom_heading text=\u00bbPol\u00edtica de Calidad Jayso 2019 ISO 9001-2015 \u00bb font_container=\u00bbtag:h3|text_align:left\u00bb use_theme_fonts=\u00bbyes\u00bb][vc_column_text]En Jayso apostamos por elevar nuestros niveles de calidad con el fin de aportar a nuestros clientes los mejores materiales disponibles para el desempe\u00f1o requerido en sus piezas. De esta forma nuestro proceso de fabricaci\u00f3n lleva aparejado un estricto control de los materiales provistos por [&hellip;]","og_url":"https:\/\/www.jaysorectificados.com\/web\/esp\/politica-de-calidad\/","og_site_name":"Jayso Solutions - Rectificados para Moldes y Matriz","article_publisher":"https:\/\/www.facebook.com\/pages\/Rectificados-Jayso\/633805146768724","twitter_card":"summary_large_image","twitter_misc":{"Tiempo de lectura":"3 minutos"},"schema":{"@context":"https:\/\/schema.org","@graph":[{"@type":"WebPage","@id":"https:\/\/www.jaysorectificados.com\/web\/esp\/politica-de-calidad\/","url":"https:\/\/www.jaysorectificados.com\/web\/esp\/politica-de-calidad\/","name":"Pol\u00edtica de Calidad - Jayso Solutions - Rectificados para Moldes y Matriz","isPartOf":{"@id":"https:\/\/www.jaysorectificados.com\/web\/esp\/#website"},"datePublished":"2019-02-15T21:46:11+00:00","dateModified":"2019-02-15T21:46:11+00:00","breadcrumb":{"@id":"https:\/\/www.jaysorectificados.com\/web\/esp\/politica-de-calidad\/#breadcrumb"},"inLanguage":"es","potentialAction":[{"@type":"ReadAction","target":["https:\/\/www.jaysorectificados.com\/web\/esp\/politica-de-calidad\/"]}]},{"@type":"BreadcrumbList","@id":"https:\/\/www.jaysorectificados.com\/web\/esp\/politica-de-calidad\/#breadcrumb","itemListElement":[{"@type":"ListItem","position":1,"name":"Portada","item":"https:\/\/www.jaysorectificados.com\/web\/esp\/"},{"@type":"ListItem","position":2,"name":"Pol\u00edtica de Calidad"}]},{"@type":"WebSite","@id":"https:\/\/www.jaysorectificados.com\/web\/esp\/#website","url":"https:\/\/www.jaysorectificados.com\/web\/esp\/","name":"Jayso Solutions - Rectificados para Moldes y Matriz","description":"Jayso Solutions elementos normalizados para la industria del molde y la matriz","publisher":{"@id":"https:\/\/www.jaysorectificados.com\/web\/esp\/#organization"},"potentialAction":[{"@type":"SearchAction","target":{"@type":"EntryPoint","urlTemplate":"https:\/\/www.jaysorectificados.com\/web\/esp\/?s={search_term_string}"},"query-input":"required name=search_term_string"}],"inLanguage":"es"},{"@type":"Organization","@id":"https:\/\/www.jaysorectificados.com\/web\/esp\/#organization","name":"JAYSO SOLUTIONS","url":"https:\/\/www.jaysorectificados.com\/web\/esp\/","logo":{"@type":"ImageObject","inLanguage":"es","@id":"https:\/\/www.jaysorectificados.com\/web\/esp\/#\/schema\/logo\/image\/","url":"https:\/\/www.jaysorectificados.com\/web\/esp\/wp-content\/uploads\/2019\/09\/buscamo_comercial-e1569838948419.jpg","contentUrl":"https:\/\/www.jaysorectificados.com\/web\/esp\/wp-content\/uploads\/2019\/09\/buscamo_comercial-e1569838948419.jpg","width":640,"height":279,"caption":"JAYSO SOLUTIONS"},"image":{"@id":"https:\/\/www.jaysorectificados.com\/web\/esp\/#\/schema\/logo\/image\/"},"sameAs":["https:\/\/www.facebook.com\/pages\/Rectificados-Jayso\/633805146768724","https:\/\/www.linkedin.com\/in\/jayso-solutions-specials-parts-and-pieces-for-moulds-and-dies-90491b153\/"]}]}},"_links":{"self":[{"href":"https:\/\/www.jaysorectificados.com\/web\/esp\/wp-json\/wp\/v2\/pages\/1265"}],"collection":[{"href":"https:\/\/www.jaysorectificados.com\/web\/esp\/wp-json\/wp\/v2\/pages"}],"about":[{"href":"https:\/\/www.jaysorectificados.com\/web\/esp\/wp-json\/wp\/v2\/types\/page"}],"author":[{"embeddable":true,"href":"https:\/\/www.jaysorectificados.com\/web\/esp\/wp-json\/wp\/v2\/users\/1"}],"replies":[{"embeddable":true,"href":"https:\/\/www.jaysorectificados.com\/web\/esp\/wp-json\/wp\/v2\/comments?post=1265"}],"version-history":[{"count":0,"href":"https:\/\/www.jaysorectificados.com\/web\/esp\/wp-json\/wp\/v2\/pages\/1265\/revisions"}],"wp:attachment":[{"href":"https:\/\/www.jaysorectificados.com\/web\/esp\/wp-json\/wp\/v2\/media?parent=1265"}],"curies":[{"name":"wp","href":"https:\/\/api.w.org\/{rel}","templated":true}]}}